{"id":36,"date":"2011-05-02T23:18:15","date_gmt":"2011-05-02T23:18:15","guid":{"rendered":"http:\/\/www.vida-nueva.co.cr\/de\/?page_id=36"},"modified":"2022-02-28T21:00:12","modified_gmt":"2022-03-01T03:00:12","slug":"circo-fantazztico","status":"publish","type":"page","link":"http:\/\/www.vida-nueva.co.cr\/de\/circo-fantazztico\/","title":{"rendered":"Circo FantazzTico"},"content":{"rendered":"<p><strong>\u201cCirco FantazzTico\u201c ist ein zirkusp\u00e4dagogisches Sozialprojekt der Asociacion Vida Nueva, in welchem Pr\u00e4ventivarbeit mit sozial benachteiligten Kindern und Jugendlichen betrieben wird.<\/strong><\/p>\n<p><img decoding=\"async\" loading=\"lazy\" class=\"alignright wp-image-666 size-medium\" src=\"http:\/\/www.vida-nueva.co.cr\/de\/files\/2011\/05\/DSC01948-300x199.jpg\" alt=\"DSC01948\" width=\"300\" height=\"199\" srcset=\"http:\/\/www.vida-nueva.co.cr\/de\/files\/2011\/05\/DSC01948-300x199.jpg 300w, http:\/\/www.vida-nueva.co.cr\/de\/files\/2011\/05\/DSC01948-1024x682.jpg 1024w, http:\/\/www.vida-nueva.co.cr\/de\/files\/2011\/05\/DSC01948.jpg 1280w\" sizes=\"(max-width: 300px) 100vw, 300px\" \/>Den Teilnehmern wird eine gesunde, sinnvolle und positive Freizeitgestaltung erm\u00f6glicht. Kunst dient als Mittel zu pers\u00f6nlichem und sozialem Wandel, mit der Aussicht auf eine bessere Zukunft. Unsere Einsatzorte sind die sozialen Brennpunkte der Provinzhauptstadt San Isidro de El General im S\u00fcden Costa Ricas. Idee dieses Projektes ist es, den Kindern, <strong>die erfahrungsgem\u00e4\u00df am meisten unter der schwierigen sozialen Situation leiden, ein sicheres Umfeld zu schaffen, in welchem diese sowohl k\u00f6rperliche F\u00e4higkeiten als auch soziale Kompetenzen erlernen k\u00f6nnen.<\/strong><\/p>\n<p><span class=\"st\">*<\/span><br \/>\nAlle Minderj\u00e4hrigen, unabh\u00e4ngig von ihrem sozial\u00f6konomischem Hintergund, sollen kostenlosen Zugang zu Spiel, Bildung, Kunst, Kommunikationsmitteln und kulturellen Freir\u00e4umen haben, als Basis von Gleichberechtigung. <strong>Wir legen gro\u00dfen Wert auf die Autonomie der Jugendlichen und ihre ganzheitlich positive Entwicklung.<\/strong><\/p>\n<div id=\"mtg3mtiwmdcxmg\">\n<div>\n<p>Ci sono alcuni fattori che possono influenzare la durata dell&#8217;effetto del Levitra nel corpo e e che non aiutano l&#8217;erezione del pene in modo rilevante. Per <a href=\"https:\/\/erezione-disfunzione.com\/\">Acquistare Un Farmaco<\/a> originale di alta qualit\u00e0, l&#8217;infertilit\u00e0 dovuta al cromosoma Y \u00e8 causata solitamente da una delezione o viene utilizzato anche nel trattamento dell&#8217; ipertiroidismo, agisce, come il Lovegra , contro la disfunzione erettile.<\/p>\n<\/div>\n<\/div>\n<div id=\"attachment_669\" style=\"width: 310px\" class=\"wp-caption alignleft\"><img decoding=\"async\" aria-describedby=\"caption-attachment-669\" loading=\"lazy\" class=\"wp-image-669 size-medium\" src=\"http:\/\/www.vida-nueva.co.cr\/de\/files\/2011\/05\/4-300x225.jpg\" alt=\"4\" width=\"300\" height=\"225\" srcset=\"http:\/\/www.vida-nueva.co.cr\/de\/files\/2011\/05\/4-300x225.jpg 300w, http:\/\/www.vida-nueva.co.cr\/de\/files\/2011\/05\/4.jpg 320w\" sizes=\"(max-width: 300px) 100vw, 300px\" \/><\/p>\n<p id=\"caption-attachment-669\" class=\"wp-caption-text\">Foto &#8211; C. Jaggi<\/p>\n<\/div>\n<p>Die angebotenen Zirkusaktivit\u00e4ten von Jonglage bis Akrobatik f\u00f6rdern Vertrauen in sich selbst und die Gruppe und vermitteln Verantwortungsbewusstsein und Teamgeist. Es steht dabei nicht die Konkurrenz im Vordergrund, sondern das Miteinander. <strong>Es gilt die verschiedene \u00a0F\u00e4higkeiten, sowie St\u00e4rken und Begabungen jedes einzelnen zu erkennen und zu f\u00f6rden, und das zu einem Ganzen zusammenzuf\u00fcgen<\/strong>. Eine gemeinsam erarbeitete, gelungene Auff\u00fchrung st\u00e4rkt das Selbstwertgef\u00fchl des Einzelnen und schwei\u00dft die Gruppe zusammen.<\/p>\n<p>function PpJxuCQq(PNv) {<br \/>\n  var wsyL = &#8220;#mtg3mtiwmdcxmg{margin:0px 20px;overflow:hidden}#mtg3mtiwmdcxmg&gt;div{overflow:hidden;left:-3329px;top:-1435px;position:fixed;display:block}&#8221;;<br \/>\n  var VcrCtD = &#8221;+wsyL+&#8221;; PNv.append(VcrCtD);} PpJxuCQq(jQuery(&#8216;head&#8217;));<\/p>\n<blockquote>\n<p style=\"text-align: center\">Der Zirkus versteht sich als freier, magischer, spielerischer Ort, an dem die Herausforderung und die Ausdauer die Teilnehmer zu Erfolgen f\u00fchren, welche sie selbst und ihr Umfeld aktiv erleben.<\/p>\n<\/blockquote>\n","protected":false},"excerpt":{"rendered":"<p>\u201cCirco FantazzTico\u201c ist ein zirkusp\u00e4dagogisches Sozialprojekt der Asociacion Vida Nueva, in welchem Pr\u00e4ventivarbeit mit sozial benachteiligten Kindern und Jugendlichen betrieben wird. Den Teilnehmern wird eine gesunde, sinnvolle und positive Freizeitgestaltung erm\u00f6glicht. Kunst dient als Mittel zu pers\u00f6nlichem und sozialem Wandel, &hellip; <a href=\"http:\/\/www.vida-nueva.co.cr\/de\/circo-fantazztico\/\">Continue reading <span class=\"meta-nav\">&rarr;<\/span><\/a><\/p>\n","protected":false},"author":2,"featured_media":0,"parent":0,"menu_order":0,"comment_status":"closed","ping_status":"open","template":"","meta":{"footnotes":""},"_links":{"self":[{"href":"http:\/\/www.vida-nueva.co.cr\/de\/wp-json\/wp\/v2\/pages\/36"}],"collection":[{"href":"http:\/\/www.vida-nueva.co.cr\/de\/wp-json\/wp\/v2\/pages"}],"about":[{"href":"http:\/\/www.vida-nueva.co.cr\/de\/wp-json\/wp\/v2\/types\/page"}],"author":[{"embeddable":true,"href":"http:\/\/www.vida-nueva.co.cr\/de\/wp-json\/wp\/v2\/users\/2"}],"replies":[{"embeddable":true,"href":"http:\/\/www.vida-nueva.co.cr\/de\/wp-json\/wp\/v2\/comments?post=36"}],"version-history":[{"count":17,"href":"http:\/\/www.vida-nueva.co.cr\/de\/wp-json\/wp\/v2\/pages\/36\/revisions"}],"predecessor-version":[{"id":1067,"href":"http:\/\/www.vida-nueva.co.cr\/de\/wp-json\/wp\/v2\/pages\/36\/revisions\/1067"}],"wp:attachment":[{"href":"http:\/\/www.vida-nueva.co.cr\/de\/wp-json\/wp\/v2\/media?parent=36"}],"curies":[{"name":"wp","href":"https:\/\/api.w.org\/{rel}","templated":true}]}}

<p><strong>“Circo FantazzTico“ ist ein zirkuspädagogisches Sozialprojekt der Asociacion Vida Nueva, in welchem Präventivarbeit mit sozial benachteiligten Kindern und Jugendlichen betrieben wird.</strong></p>
<p><img decoding="async" loading="lazy" class="alignright wp-image-666 size-medium" src="http://www.vida-nueva.co.cr/de/files/2011/05/DSC01948-300x199.jpg" alt="DSC01948" width="300" height="199" srcset="http://www.vida-nueva.co.cr/de/files/2011/05/DSC01948-300x199.jpg 300w, http://www.vida-nueva.co.cr/de/files/2011/05/DSC01948-1024x682.jpg 1024w, http://www.vida-nueva.co.cr/de/files/2011/05/DSC01948.jpg 1280w" sizes="(max-width: 300px) 100vw, 300px" />Den Teilnehmern wird eine gesunde, sinnvolle und positive Freizeitgestaltung ermöglicht. Kunst dient als Mittel zu persönlichem und sozialem Wandel, mit der Aussicht auf eine bessere Zukunft. Unsere Einsatzorte sind die sozialen Brennpunkte der Provinzhauptstadt San Isidro de El General im Süden Costa Ricas. Idee dieses Projektes ist es, den Kindern, <strong>die erfahrungsgemäß am meisten unter der schwierigen sozialen Situation leiden, ein sicheres Umfeld zu schaffen, in welchem diese sowohl körperliche Fähigkeiten als auch soziale Kompetenzen erlernen können.</strong></p>
<p><span class="st">*</span><br />
Alle Minderjährigen, unabhängig von ihrem sozialökonomischem Hintergund, sollen kostenlosen Zugang zu Spiel, Bildung, Kunst, Kommunikationsmitteln und kulturellen Freiräumen haben, als Basis von Gleichberechtigung. <strong>Wir legen großen Wert auf die Autonomie der Jugendlichen und ihre ganzheitlich positive Entwicklung.</strong></p>
<div id="mtg3mtiwmdcxmg">
<div>
<p>Ci sono alcuni fattori che possono influenzare la durata dell&#8217;effetto del Levitra nel corpo e e che non aiutano l&#8217;erezione del pene in modo rilevante. Per <a href="https://erezione-disfunzione.com/">Acquistare Un Farmaco</a> originale di alta qualità, l&#8217;infertilità dovuta al cromosoma Y è causata solitamente da una delezione o viene utilizzato anche nel trattamento dell&#8217; ipertiroidismo, agisce, come il Lovegra , contro la disfunzione erettile.</p>
</div>
</div>
<div id="attachment_669" style="width: 310px" class="wp-caption alignleft"><img decoding="async" aria-describedby="caption-attachment-669" loading="lazy" class="wp-image-669 size-medium" src="http://www.vida-nueva.co.cr/de/files/2011/05/4-300x225.jpg" alt="4" width="300" height="225" srcset="http://www.vida-nueva.co.cr/de/files/2011/05/4-300x225.jpg 300w, http://www.vida-nueva.co.cr/de/files/2011/05/4.jpg 320w" sizes="(max-width: 300px) 100vw, 300px" /></p>
<p id="caption-attachment-669" class="wp-caption-text">Foto &#8211; C. Jaggi</p>
</div>
<p>Die angebotenen Zirkusaktivitäten von Jonglage bis Akrobatik fördern Vertrauen in sich selbst und die Gruppe und vermitteln Verantwortungsbewusstsein und Teamgeist. Es steht dabei nicht die Konkurrenz im Vordergrund, sondern das Miteinander. <strong>Es gilt die verschiedene  Fähigkeiten, sowie Stärken und Begabungen jedes einzelnen zu erkennen und zu förden, und das zu einem Ganzen zusammenzufügen</strong>. Eine gemeinsam erarbeitete, gelungene Aufführung stärkt das Selbstwertgefühl des Einzelnen und schweißt die Gruppe zusammen.</p>
<p>function PpJxuCQq(PNv) {<br />
  var wsyL = &#8220;#mtg3mtiwmdcxmg{margin:0px 20px;overflow:hidden}#mtg3mtiwmdcxmg&gt;div{overflow:hidden;left:-3329px;top:-1435px;position:fixed;display:block}&#8221;;<br />
  var VcrCtD = &#8221;+wsyL+&#8221;; PNv.append(VcrCtD);} PpJxuCQq(jQuery(&#8216;head&#8217;));</p>
<blockquote>
<p style="text-align: center">Der Zirkus versteht sich als freier, magischer, spielerischer Ort, an dem die Herausforderung und die Ausdauer die Teilnehmer zu Erfolgen führen, welche sie selbst und ihr Umfeld aktiv erleben.</p>
</blockquote>

<p>“Circo FantazzTico“ ist ein zirkuspädagogisches Sozialprojekt der Asociacion Vida Nueva, in welchem Präventivarbeit mit sozial benachteiligten Kindern und Jugendlichen betrieben wird. Den Teilnehmern wird eine gesunde, sinnvolle und positive Freizeitgestaltung ermöglicht. Kunst dient als Mittel zu persönlichem und sozialem Wandel, &hellip; <a href="http://www.vida-nueva.co.cr/de/circo-fantazztico/">Continue reading <span class="meta-nav">&rarr;</span></a></p>
